*2 + 6 + 8 - x. Let a(k) = -k**3 - 13*k**2 - k - 16. Let c be a(-13). Give u(c).
3
Let m(t) = 16*t + 13*t + 15*t + 0 - 3 - 45*t. Suppose 0 = 4*g + 4*v + 32, 3*g + 34 = -0*g - 5*v. What is m(g)?
0
Let z be ((-3)/(-6))/(3/(-12)). Let u be ((-3)/z)/(9/12). Suppose 0 = 3*g + 4*s + 9, u + 0 = 5*g + s. Let t(y) = -4*y**3 - y**2 - y + 1. Determine t(g).
-5
Let f(p) = 2*p - 7. Let b(j) = -2*j + 7. Let d(i) = -5*b(i) - 6*f(i). Give d(6).
-5
Let n(x) be the first derivative of -x**4/4 - x**3/3 - x**2/2 - x - 2. Let u(v) = -2*v**3 - 5*v**2 - 4*v - 5. Let i(z) = n(z) - u(z). Calculate i(-4).
-8
Suppose 4*q + 0*q = 196. Let z(t) = q - 51 + t - 3*t. What is z(3)?
-8
Let a(c) = -2 + 9*c**3 + 5*c**2 + 0*c**3 + 2*c**2 - 10*c**3 - 6*c. Let l be (10/8)/((-3)/(-12)). Determine a(l).
18
Let v(i) = -3*i - 8. Let g(b) = b + 3. Let j(q) = -8*g(q) - 3*v(q). Let l(y) = y + 3. Let n(p) = -j(p) - l(p). Calculate n(-3).
3
Let z(k) = -8*k. Suppose 0 = -2*y + 2, -5*b + 4*y = -0*b - 21. Suppose -52 + 47 = b*x. Give z(x).
8
Let l(m) = -m**2 + 15*m - 13. Suppose 18*d + 117 = 27*d. Give l(d).
13
Let p(v) = -12*v**2 - 40*v - 31. Let q(w) = -7*w**2 - 20*w - 15. Let s(n) = -3*p(n) + 5*q(n). Determine s(-18).
-18
Let r(g) = 5*g**3 - 4*g**2 + 6*g + 8. Let j(s) = 13*s - 10*s**2 + 17 - 9*s**2 + 10*s**2 + 11*s**3. Let b(o) = -6*j(o) + 13*r(o). What is b(3)?
-7
Let r(b) = b**3 + 9*b**2 + 2*b - 7. Let l(j) = j. Suppose 3*x - 30 + 18 = 0. Let g(t) = x*l(t) + r(t). Give g(-8).
9
Let u(r) = -22*r - 14. Let c(m) = 8*m + 4. Let b(s) = 8*c(s) + 3*u(s). Determine b(-6).
2
Let j(c) = -c**3 - 8*c**2 - 8*c - 7. Let x be j(-7). Suppose 9 + 7 = 4*q. Let p(l) = 3*l + 7. Let z(r) = r + 2. Let u(d) = q*p(d) - 11*z(d). What is u(x)?
6
Let i(f) = 6 + 4 - 3 - 3 - 5 + 2*f. Give i(-7).
-15
Let q be (84/70)/(6/10). Let u(w) = -3*w**2 - 3 + 4*w**q + 0*w**2 + 6*w - 2*w**2. Give u(4).
5
Let q(d) be the first derivative of 1/12*d**4 - 3 + 0*d + d**2 + 1/3*d**3. Let j(b) be the second derivative of q(b). What is j(3)?
8
Let t(h) = -7*h**3 + h**2 - 1. Let l = -43 - -40. Let z be (-2)/(-8)*(7 + l). What is t(z)?
-7
Let k(p) = -p + 4. Let t = -146 + 139. What is k(t)?
11
Let b(f) = -f - 7. Let k = -596 - -592. What is b(k)?
-3
Let a = -24 - -31. Let p(q) = -q**3 + 7*q**2 + 3*q + 8. Determine p(a).
29
Let v be -1 - -2 - 4/(-2). Let s(p) = -p**2 + p**v + 2*p**2 + p - 5*p**2. Let y be (-1)/(-2) + (-9)/(-6). Calculate s(y).
-6
Let f(b) = 2*b - 3. Suppose -2*v + 17 = -4*v - 3*w, 2*w = 4*v - 6. Let j be -3 + 3 + v + 4. Give f(j).
3
Let i be -3 + -20 + -2 + 1. Let a be (7/2)/(12/i). Let w(m) = -m**3 - 8*m**2 - 5*m + 4. What is w(a)?
-10
Let r be -2*1/(-4) - (-76)/8. Suppose -3*q - r = 11. Let h(b) = b**2 + 8*b + 8. Give h(q).
1
Let v(l) = -l**3 - 4*l**2 + 5*l + 1. Let w = -26 + 32. Suppose -p + w = 11. Determine v(p).
1
Let v(g) be the first derivative of -g**2/2 - 5*g - 263. Calculate v(-9).
4
Let r(x) = -12*x**2 + 1. Let n = 1809 + -1810. Give r(n).
-11
Let b(g) = -4*g + 4*g + 5*g. Suppose 2*s - 2*k = 74, 2*k + 25 = s - 12. Let y = s - 36. Calculate b(y).
5
Suppose -5*y + 12 = 4*k, -4*k + 4*y + y + 12 = 0. Let l(t) = -k*t**2 + 5 + 6*t - t - 2*t + 2*t**2. Determine l(5).
-5
Let s(i) = -i**3 + 8*i**2 - 6*i + 12. Suppose -97*u + 88*u = -72. Determine s(u).
-36
Let y be -2*(-76)/32 - (-1)/4. Let o(w) = -w**2 + 11*w - 9. Let b be o(10). Let g(n) = -3*n**2 + b - n**3 + y + 25*n - 18*n. Calculate g(-4).
-6
Let o(h) = -5*h**3 - 11*h**2 - 16*h - 13. Let s(d) = 9*d**3 + 22*d**2 + 31*d + 26. Let l(x) = -11*o(x) - 6*s(x). Calculate l(12).
11
Let n(l) = -5*l**2 + 7*l - 11. Let i be ((-26)/4 - -2)*-2. Let t(p) = 11*p**2 - 14*p + 23. Suppose 15 = 13*c - 37. Let v(w) = c*t(w) + i*n(w). Give v(7).
-7
Let r be ((-385)/(-1176) - 0) + (-6)/21. Let p(o) be the third derivative of -3*o**2 - 1/6*o**3 + 1/60*o**5 + r*o**4 + 0 + 0*o. What is p(0)?
-1
Let o(k) = -2*k**2 - 6*k + 4. Let c = 348 + -352. Give o(c).
-4
Let n(s) = -13*s + 3*s**2 + 18*s + 114*s**3 + 6 - 115*s**3. Give n(5).
-19
Let s(p) = -p**2. Let g(i) = -7*i**2 + 7*i - 3. Let v(w) = g(w) - 6*s(w). Suppose 3*c - 84 = -5*k + 2*k, -5*k = 4*c - 142. Let x be (2/4)/(3/k). Calculate v(x).
7
Suppose -13*p + 28*p - 45 = 0. Let c(x) = x**2 + 4*x - 10. Give c(p).
11
Let d(c) = 2*c - 5. Let b = 78 + -54. Let h = 74 - b. Let a be 9/6*h/15. Determine d(a).
5
Let p(f) be the third derivative of f**5/60 + 3*f**4/8 + 4*f**3/3 + 3*f**2. Let z be p(-8). Let k(c) = -5*c + 2*c - 1 + z*c - 3. Determine k(-3).
5
Let j(c) = -2*c - 3. Suppose -126*i + 124*i - 4 = 0. Calculate j(i).
1
Let q be (-3)/(-1) - (2 - 10/(-5)). Let l(h) be the second derivative of -h**3/3 - h**2/2 + 2*h. Give l(q).
1
Suppose 72*f - 70 = 62*f. Let n(h) = 3*h - 17. Give n(f).
4
Suppose -3*j - 1 = -7. Let n(z) = z**j - 5 - z + 1 + 3. Let q = 63 + -63. Give n(q).
-1
Let f(b) be the first derivative of -b**3/3 - 3*b - 7. Determine f(5).
-28
Suppose 3*f = s - 25, 3*f + 0*s = 5*s - 29. Let k(b) = -7*b + b**3 + b**3 + 3 + 7*b**2 - b**3. Calculate k(f).
-5
Let j(z) = 25*z - 10*z - 8*z - 5*z. Give j(1).
2
Let r = 234 + -237. Let f(h) = -2*h. Give f(r).
6
Let c(w) = -10*w + 1. Let b(l) = -l**3 - 6*l**2 + 5*l - 8. Let i be b(-7). Let v be 0 - i - (-13 + 8). Determine c(v).
11
Let f(q) = -q**3 + 3*q. Let i be f(-2). Let s(w) be the first derivative of -2*w**3/3 + 2*w**2 - 3*w - 3. Give s(i).
-3
Let u(b) = b**2 + 7*b + 5. Let j(d) = -3*d**2 - 20*d - 14. Let n(l) = -4*j(l) - 11*u(l). Suppose 0 = -338*c + 309*c - 58. Give n(c).
-1
Let s(o) = o**2 + 2*o - 4. Let y(p) = -p**3 - 4*p**2 + p - 5. Let d be y(-5). Suppose 11*j - 16 = d*j. Calculate s(j).
4
Suppose 0 = -8*j + 5*j - b - 50, -5*j = -4*b + 55. Let k be j*(1 - 12/10). Let i(v) = v**2 - 4*v - 3*v**2 - 1 + 3*v**2. Calculate i(k).
-4
Let a(m) = -19 + 8 + 19 - 10 + m. Suppose 4*b - 5 = -4*d + 15, -4*d + 2*b = -8. What is a(d)?
1
Suppose z - 2*z - 3 = 3*v, 0 = 5*z + 3*v - 21. Let n be (-20)/30 - (-22)/z. Let l(d) = 2*d**2 - 4*d + 1. What is l(n)?
7
Suppose 2 = -d - 3*b - 2, -2*d + 2*b = -8. Let k(r) = -d + 13 - 12 - 4*r. Suppose -6*q = -5*q, -i = q - 2. Calculate k(i).
-9
Let b(h) be the first derivative of -1/2*h**2 - 1/3*h**3 - 10 - 2*h. Determine b(3).
-14
Let g(w) = w**3 + w**2 + w - 2. Let d be 28/(-7) - (-7 + 1). Determine g(d).
12
Let b(c) be the second derivative of c**6/360 - c**5/20 + c**4/6 - 31*c**3/6 + 41*c. Let y(p) be the second derivative of b(p). Determine y(5).
-1
Let u(v) = -16*v**2 + 5*v + 12. Let l(b) = 7*b**2 - 2*b - 5. Let p(k) = -7*l(k) - 3*u(k). Suppose -5*i + 3 = 18. Calculate p(i).
-7
Let q(j) = -j**2 + 6*j - 6. Suppose 0 = -3*p - 4*u + 4, 0*u = 5*u + 10. Let g be q(p). Let v(w) = 6*w + g*w - 6*w. Calculate v(-3).
-6
Suppose -400*d - 95 = -381*d. Let k(v) = -5*v**3 - v**2 - 7*v + 7. Let i(o) = -11*o**3 - 3*o**2 - 15*o + 15. Let p(b) = -6*i(b) + 13*k(b). Give p(d).
6
Suppose 57*x - 61*x = -8. Let f(j) = -5*j**2 + 149 - 151 - j - x*j - j. Let r be (-3)/(((-6)/4)/(-1)). What is f(r)?
-14
Let f = 31 - 27. Let s be 2/1 - f - 1. Let x(c) = -c**3 - 2*c**2 + 2*c - 1. What is x(s)?
2
Let s(b) = 2*b**2 + 22*b - 2. Let l be s(-11). Let j(n) = 3*n**2 + 2*n + 1. Let w be j(l). Let o(a) = a**3 - 8*a**2 - 8*a - 7. Calculate o(w).
2
Let n = -35 + 16. Let i = 22 + n. Suppose s + o = -i, -3*o - 2*o = -5*s - 15. Let b(y) = y**2 + 3*y - 2. What is b(s)?
-2
Suppose n - 4*i = 8, -3*n + 18 - 45 = 5*i. Let f = n - -9. Let w(r) = -r**2 + 8*r - 4. Give w(f).
11
Let o(y) = 114*y - 226*y + 2 - 6 + 117*y. Calculate o(6).
26
Let v(h) be the third derivative of -h**5/60 - h**4/24 + h**3/6 + 31*h**2. Calculate v(2).
-5
Suppose -32*n + 25 = -71. Let i(r) = -2*r - 6. Let q be i(-4). Let s(b) = 0*b**2 - 8*b + 4 - 2*b**q + 3*b**2. What is s(n)?
-11
Let u(h) = -6*h - 18. Suppose o - 2*t = 6, -2*o + 5*t + 21 = -o. Give u(o).
6
Let o(w) = -286 - 293 + 851 + 2*w - 295. Determine o(10).
-3
Let x(z) = z + 20. Suppose -5*q - 60 = -q + 5*y, 3*q + 76 = 4*y. Give x(q).
0
Let q(s) = 2 + 3*s**3 - 4 + 1. Let t be -1*(3/(-6))/((-2)/260). Let i = 66 + t. Give q(i).
2
Let h be 234/12 + (-3)/(-6). Let j be 3*-1*(h/12 + -1). Let c(a) = -10*a + 7. Let n(w) = -3*w + 2. Let s(g) = 2*c(g) - 7*n(g). What is s(j)?
-2
Let j(r) = -r**2 - 2*r + 4. Let m(o) = 5*o**2 - 23*o + 9. Let l be m(4). Let p(g) = 2*g**2 + 3*g - 7. Let x(f)